est common divisor of 96 and 2160?
48
Calculate the greatest common factor of 4343 and 344.
43
Calculate the highest common factor of 195 and 885.
15
What is the highest common factor of 8196 and 108?
12
What is the greatest common divisor of 121 and 5687?
121
What is the highest common divisor of 1342 and 22?
22
Calculate the highest common divisor of 630 and 1330.
70
Calculate the highest common divisor of 961 and 279.
31
What is the highest common factor of 1342 and 22?
22
What is the highest common divisor of 2124 and 885?
177
What is the greatest common divisor of 921 and 5833?
307
What is the greatest common divisor of 48 and 192?
48
Calculate the highest common factor of 39 and 26.
13
Calculate the greatest common factor of 1 and 172.
1
Calculate the greatest common divisor of 485 and 2716.
97
What is the greatest common divisor of 8977 and 141?
47
Calculate the greatest common factor of 355 and 95.
5
What is the greatest common divisor of 245 and 147?
49
Calculate the greatest common factor of 4 and 214.
2
Calculate the greatest common factor of 89 and 15664.
89
Calculate the highest common factor of 99 and 22.
11
What is the highest common factor of 1072 and 32?
16
What is the greatest common factor of 166 and 6?
2
Calculate the highest common factor of 12 and 3714.
6
Calculate the highest common factor of 13 and 1703.
13
Calculate the highest common factor of 424 and 72.
8
What is the highest common divisor of 153 and 639?
9
What is the highest common divisor of 154 and 98?
14
Calculate the greatest common factor of 608 and 152.
152
What is the greatest common factor of 11 and 2321?
11
What is the greatest common factor of 7 and 14203?
7
Calculate the greatest common divisor of 180 and 3480.
60
What is the highest common factor of 8 and 4?
4
What is the highest common divisor of 16 and 10000?
16
Calculate the greatest common factor of 192 and 2368.
64
What is the greatest common factor of 9637 and 46?
23
Calculate the highest common divisor of 15 and 240.
15
Calculate the greatest common factor of 2 and 262.
2
What is the greatest common factor of 550 and 100?
50
Calculate the greatest common divisor of 20 and 310.
10
What is the highest common factor of 90 and 110?
10
What is the highest common divisor of 9 and 19?
1
Calculate the greatest common divisor of 2175 and 15.
15
What is the highest common divisor of 131 and 3537?
131
What is the greatest common factor of 308 and 132?
44
What is the highest common divisor of 80 and 55?
5
Calculate the highest common factor of 73 and 3.
1
What is the highest common factor of 685 and 822?
137
What is the greatest common divisor of 1536 and 48?
48
What is the greatest common divisor of 627 and 451?
11
Calculate the highest common factor of 7816 and 16.
8
What is the greatest common divisor of 2622 and 23?
23
Calculate the highest common divisor of 1421 and 377.
29
What is the highest common divisor of 4 and 13?
1
What is the greatest common factor of 94 and 611?
47
Calculate the greatest common factor of 153 and 867.
51
What is the highest common factor of 1260 and 60?
60
What is the highest common divisor of 1886 and 82?
82
Calculate the greatest common factor of 285 and 551.
19
What is the highest common factor of 78 and 12909?
39
Calculate the highest common divisor of 768 and 1176.
24
What is the highest common factor of 22 and 44?
22
What is the greatest common factor of 96 and 376?
8
Calculate the greatest common divisor of 45 and 117.
9
What is the highest common divisor of 280 and 1078?
14
Calculate the highest common factor of 108 and 540.
108
Calculate the greatest common divisor of 469 and 7.
7
Calculate the greatest common factor of 943 and 1564.
23
What is the highest common factor of 20 and 30?
10
Calculate the highest common factor of 30 and 129.
3
Calculate the greatest common divisor of 747 and 415.
83
What is the greatest common factor of 238 and 2898?
14
Calculate the greatest common divisor of 528 and 144.
48
Calculate the greatest common factor of 744 and 279.
93
What is the highest common divisor of 176 and 64?
16
Calculate the highest common factor of 75 and 20775.
75
Calculate the greatest common factor of 106 and 38107.
53
Calculate the highest common divisor of 10264 and 8.
8
Calculate the highest common factor of 18 and 1074.
6
Calculate the highest common factor of 368 and 144.
16
What is the highest common factor of 18 and 2?
2
What is the highest common divisor of 308 and 14?
14
Calculate the highest common factor of 1944 and 60.
12
What is the highest common divisor of 80 and 18000?
80
Calculate the greatest common divisor of 175 and 245.
35
Calculate the greatest common divisor of 484 and 44.
44
Calculate the greatest common divisor of 416 and 56.
8
Calculate the greatest common factor of 190 and 40.
10
What is the highest common factor of 690 and 4?
2
What is the highest common divisor of 85 and 2465?
85
Calculate the highest common divisor of 15 and 1545.
15
Calculate the highest common divisor of 208 and 38792.
104
What is the greatest common factor of 32 and 492?
4
What is the greatest common factor of 204 and 5988?
12
What is the highest common divisor of 20205 and 90?
45
Calculate the greatest common divisor of 14 and 17906.
14
Calculate the highest common factor of 244 and 28.
4
What is the greatest common divisor of 70 and 112?
14
Calculate the greatest common divisor of 169 and 14027.
169
Calculate the highest common divisor of 130 and 940.
10
What is the highest common factor of 303 and 404?
101
What is the greatest common divisor of 330 and 1078?
22
What is the greatest common factor of 66 and 66?
66
What is the greatest common factor of 100 and 640?
20
What is the greatest common factor of 783 and 135?
27
What is the highest common divisor of 1480 and 16?
8
Calculate the highest common factor of 297 and 759.
33
What is the greatest common divisor of 99 and 36?
9
What is the greatest common factor of 40282 and 22?
22
What is the highest common factor of 16562 and 98?
98
What is the highest common divisor of 1344 and 24?
24
Calculate the highest common divisor of 18 and 912.
6
What is the highest common divisor of 594 and 110?
22
What is the greatest common factor of 1089 and 45?
9
What is the greatest common divisor of 16 and 248?
8
What is the greatest common factor of 37 and 28453?
37
What is the greatest common divisor of 427 and 549?
61
Calculate the highest common factor of 20540 and 40.
20
Calculate the greatest common divisor of 78 and 4542.
6
What is the greatest common factor of 1376 and 43?
43
What is the highest common factor of 1651 and 26?
13
Calculate the greatest common factor of 736 and 230.
46
Calculate the greatest common factor of 24 and 66.
6
What is the greatest common divisor of 165 and 275?
55
Calculate the greatest common factor of 21 and 4410.
21
What is the highest common divisor of 7047 and 29?
29
Calculate the highest common divisor of 150 and 675.
75
What is the greatest common divisor of 322 and 35098?
322
What is the highest common factor of 56 and 2590?
14
What is the highest common factor of 2814 and 126?
42
Calculate the greatest common factor of 72 and 207.
9
What is the greatest common divisor of 60 and 2820?
60
What is the greatest common factor of 404 and 303?
101
What is the highest common divisor of 341 and 44?
11
Calculate the greatest common divisor of 6873 and 1131.
87
What is the greatest common divisor of 1225 and 725?
25
Calculate the greatest common divisor of 46 and 253.
23
What is the highest common factor of 260 and 832?
52
What is the highest common factor of 66 and 13563?
33
What is the greatest common divisor of 57 and 29184?
57
What is the greatest common factor of 125 and 75?
25
What is the greatest common divisor of 2889 and 18?
9
What is the highest common divisor of 280 and 540?
20
What is the greatest common factor of 42 and 196?
14
Calculate the greatest common factor of 70830 and 30.
30
Calculate the highest common factor of 442 and 1870.
34
What is the highest common factor of 60873 and 309?
309
Calculate the highest common divisor of 1616 and 16.
16
Calculate the greatest common factor of 2300 and 6348.
92
Calculate the greatest common divisor of 1165 and 5.
5
What is the greatest co